posite?
False
Is 439709 a composite number?
False
Is 288907 composite?
False
Is 1939921 a prime number?
False
Is 17833 a prime number?
False
Is 51967 composite?
True
Is 182639 a prime number?
True
Is 490619 a prime number?
True
Is 665507 a composite number?
False
Is 134741 composite?
False
Is 11377 a prime number?
False
Is 57299 a prime number?
False
Is 562441 composite?
True
Is 53135 a composite number?
True
Is 33833 composite?
True
Is 2395 a prime number?
False
Is 44637 prime?
False
Is 292783 a composite number?
True
Is 36617 a prime number?
False
Is 158153 a composite number?
True
Is 76247 a composite number?
True
Is 1337 composite?
True
Is 67327 composite?
True
Is 187601 a composite number?
True
Is 676627 a composite number?
True
Is 2939 prime?
True
Is 35671 prime?
True
Is 7069 composite?
False
Is 930491 prime?
True
Is 684829 prime?
True
Is 258007 a composite number?
True
Is 27997 composite?
False
Is 11717 a composite number?
False
Is 358315 a composite number?
True
Is 8146 a composite number?
True
Is 398299 prime?
False
Is 68605 a composite number?
True
Is 1870087 a composite number?
True
Is 611389 prime?
True
Is 148969 a composite number?
True
Is 341 a composite number?
True
Is 21431 a prime number?
False
Is 159493 prime?
False
Is 1390541 a composite number?
False
Is 18229 a prime number?
True
Is 12883 a composite number?
True
Is 126143 a composite number?
False
Is 211379 prime?
False
Is 2697089 prime?
False
Is 14471 a prime number?
False
Is 14797 prime?
True
Is 121337 a prime number?
False
Is 253041 composite?
True
Is 26597 composite?
False
Is 140347 a prime number?
False
Is 2941781 a composite number?
False
Is 29663 prime?
True
Is 5703 a composite number?
True
Is 228863 composite?
True
Is 69487 a composite number?
True
Is 7346869 a composite number?
False
Is 1056379 a prime number?
True
Is 76619 a prime number?
False
Is 67801 a prime number?
True
Is 39089 a composite number?
False
Is 583 a composite number?
True
Is 53 a composite number?
False
Is 163 prime?
True
Is 14281 prime?
True
Is 16603 composite?
False
Is 203531 a prime number?
True
Is 293021 prime?
True
Is 29917 composite?
False
Is 53681 prime?
True
Is 5021 a prime number?
True
Is 36737 a composite number?
True
Is 60153 composite?
True
Is 3019 composite?
False
Is 40451 a prime number?
False
Is 157991 composite?
False
Is 487115 composite?
True
Is 50879 a prime number?
False
Is 7039 prime?
True
Is 37227 a prime number?
False
Is 11897 a composite number?
False
Is 147713 prime?
False
Is 308531 prime?
False
Is 308299 prime?
False
Is 29947 a composite number?
False
Is 85777 a prime number?
False
Is 26879 a prime number?
True
Is 33713 composite?
False
Is 392053 prime?
True
Is 62159 a prime number?
False
Is 373 a prime number?
True
Is 131833 composite?
True
Is 25793 prime?
True
Is 13327 a prime number?
True
Is 20701 composite?
True
Is 1457927 prime?
False
Is 243791 a composite number?
True
Is 244867 a composite number?
True
Is 2281 a prime number?
True
Is 76207 a prime number?
True
Is 22394 composite?
True
Is 5451551 a prime number?
False
Is 97873 prime?
False
Is 5201 a prime number?
False
Is 9533 composite?
False
Is 22823 a prime number?
False
Is 17165 a prime number?
False
Is 18911 a composite number?
False
Is 496507 a composite number?
True
Is 115015 a composite number?
True
Is 18263 a prime number?
False
Is 32543 prime?
False
Is 883173 a composite number?
True
Is 250147 composite?
False
Is 358637 a composite number?
False
Is 168801 prime?
False
Is 6805 composite?
True
Is 435193 composite?
True
Is 421171 a composite number?
True
Is 65617 composite?
False
Is 255661 prime?
False
Is 1900157 a prime number?
False
Is 433571 a prime number?
True
Is 20873 a composite number?
False
Is 2221 prime?
True
Is 707533 a composite number?
True
Is 149827 a prime number?
True
Is 1189 prime?
False
Is 89027 prime?
False
Is 927193 a prime number?
False
Is 151541 a composite number?
True
Is 2459 prime?
True
Is 69283 prime?
False
Is 98179 composite?
False
Is 7453 a prime number?
False
Is 367 prime?
True
Is 18101 prime?
False
Is 359963 a composite number?
True
Is 46067 composite?
True
Is 2489377 a prime number?
False
Is 30593 prime?
True
Is 7103 a composite number?
False
Is 137867 a composite number?
False
Is 163147 prime?
True
Is 7778 prime?
False
Is 659653 prime?
True
Is 3039 composite?
True
Is 4409 composite?
False
Is 2279 a composite number?
True
Is 16123 prime?
False
Is 19283 a composite number?
True
Is 12797 composite?
True
Is 221047 a prime number?
True
Is 6743 composite?
True
Is 14977 prime?
False
Is 1261 a composite number?
True
Is 251 a prime number?
True
Is 371 composite?
True
Is 2629 a prime number?
False
Is 1018543 a prime number?
True
Is 185849 composite?
False
Is 18479 prime?
False
Is 8258 a prime number?
False
Is 74551 a composite number?
False
Is 73121 prime?
True
Is 453949 composite?
False
Is 6193 composite?
True
Is 36029 prime?
False
Is 2342 composite?
True
Is 13649 composite?
False
Is 13123 composite?
True
Is 49451 a prime number?
True
Is 967 composite?
False
Is 34585 prime?
False
Is 127207 composite?
False
Is 466171 a composite number?
False
Is 11249 prime?
False
Is 53437 prime?
True
Is 25489 a composite number?
True
Is 55129 composite?
True
Is 94431 a composite number?
True
Is 744599 a prime number?
True
Is 69655 a prime number?
False
Is 22397 a prime number?
True
Is 164759 composite?
True
Is 523157 composite?
True
Is 149293 a composite number?
True
Is 1769743 a composite number?
True
Is 23878 composite?
True
Is 122081 a composite number?
False
Is 49409 prime?
True
Is 488783 a prime number?
False
Is 16847 composite?
True
Is 86153 prime?
False
Is 5485 prime?
False
Is 31967 prime?
False
Is 24253 a composite number?
True
Is 30829 prime?
True
Is 37769 a composite number?
True
Is 4091 composite?
False
Is 354953 a composite number?
False
Is 16349 a prime number?
True
Is 50357 composite?
True
Is 16141 a composite number?
False
Is 1452707 composite?
True
Is 191647 prime?
False
Is 79133 a prime number?
True
Is 40577 a prime number?
True
Is 58574 a composite number?
True
Is 272297 prime?
False
Is 16489 composite?
True
Is 2521 prime?
True
Is 1889 composite?
False
Is 1535 composite?
True
Is 33095 composite?
True
Is 3691 a composite number?
False
Is 24142 composite?
True
Is 252379 prime?
False
Is 129803 prime?
True
Is 5465 a prime number?
False
Is 824591 a composite number?
False
Is 2976035 prime?
False
Is 174199 a composite number?
True
Is 32933 a composite number?
False
Is 134399 a composite number?
False
Is 7979 prime?
False
Is 2752463 a prime number?
False
Is 11863 prime?
True
Is 52747 prime?
True
Is 103541 prime?
False
Is 14395 a composite number?
True
Is 30633 composite?
True
Is 40661 composite?
True
Is 188447 a composite number?
True
Is 202133 prime?
False
Is 3691 composite?
False
Is 15569 composite?
False
Is 29917 prime?
True
Is 11707 a composite number?
True
Is 19373 prime?
True
Is 4859 prime?
False
Is 5322881 a composite number?
False
Is 77219 a composite number?
True
Is 61463 composite?
False
Is 61001 prime?
True
Is 112559 a composite number?
False
Is 16331 composite?
True
Is 7251 prime?
False
Is 77417 a prime number?
True
Is 1066253 a prime number?
True
Is 15971 prime?
True
Is 557 a composite number?
False
Is 5557 a prime number?
True
Is 299283 a composite number?
True
Is 34211 prime?
True
Is 3299 a prime number?
True
Is 2230759 a prime number?
True
Is 5069 prime?
False
Is 139 prime?
True
Is 23098 a prime number?
False
Is 35609 a composite number?
True
Is 463723 a prime number?
False
Is 120181 a prime number?
True
Is 401039 composite?
False
Is 22993 a prime number?
True
Is 23623 a prime number?
True
Is 415331 a prime number?
False
Is 215051 composite?
False
Is 762334 a composite number?
True
Is 32561 a composite number?
False
Is 45233 prime?
True
Is 4967 prime?
True
Is 705199 a composite number?
True
Is 279843 prime?
False
Is 24997 a prime number?
False
Is 77309 composite?
True
Is 1711 a composite number?
True
Is 3365 a prime number?
False
Is 23251 a composite number?
False
Is 118097 prime?
False
Is 2148947 composite?
False
Is 9131 composite?
True
Is 174107 a composite number?
True
Is 889 a composite number?
True
Is 1231 a prime number?
True
Is 9643 a prime number?
True
Is 2402122 